the remainder when 161760 is divided by 94.
80
Calculate the remainder when 366256515 is divided by 4039.
4034
What is the remainder when 537373 is divided by 5374?
5347
What is the remainder when 246396 is divided by 550?
546
What is the remainder when 37002 is divided by 1587?
501
Calculate the remainder when 559357 is divided by 93.
55
What is the remainder when 55566 is divided by 26345?
2876
What is the remainder when 57498426 is divided by 179?
46
Calculate the remainder when 21679 is divided by 4656.
3055
What is the remainder when 5219679 is divided by 2570?
9
What is the remainder when 103799472 is divided by 65?
62
What is the remainder when 961 is divided by 887?
74
Calculate the remainder when 12024 is divided by 1516.
1412
What is the remainder when 2241481 is divided by 44?
33
What is the remainder when 3520895 is divided by 10265?
0
Calculate the remainder when 1648447 is divided by 824209.
29
Calculate the remainder when 305279839 is divided by 10960.
10959
Calculate the remainder when 24522410 is divided by 21140.
10
What is the remainder when 289453711 is divided by 92?
91
What is the remainder when 1722518 is divided by 25331?
10
What is the remainder when 53220783 is divided by 6?
3
Calculate the remainder when 2239539 is divided by 1175.
1164
What is the remainder when 25293 is divided by 2868?
2349
What is the remainder when 3349455 is divided by 1674708?
39
What is the remainder when 152838 is divided by 3?
0
Calculate the remainder when 473364 is divided by 4188.
120
Calculate the remainder when 3696333 is divided by 336.
333
Calculate the remainder when 1197771 is divided by 9.
6
Calculate the remainder when 34532534 is divided by 46.
12
Calculate the remainder when 1399256 is divided by 600.
56
What is the remainder when 1751506 is divided by 2357?
255
Calculate the remainder when 14930501 is divided by 10304.
5
What is the remainder when 14298412 is divided by 159?
19
What is the remainder when 13533 is divided by 4508?
9
What is the remainder when 6565684 is divided by 1094278?
16
Calculate the remainder when 1493135 is divided by 3633.
3605
Calculate the remainder when 417803 is divided by 272.
11
Calculate the remainder when 6618706 is divided by 93.
82
Calculate the remainder when 2560 is divided by 2023.
537
What is the remainder when 347995 is divided by 115988?
31
Calculate the remainder when 710349 is divided by 99.
24
Calculate the remainder when 3251582 is divided by 64.
62
What is the remainder when 1175705 is divided by 587715?
275
What is the remainder when 13622066 is divided by 27?
26
What is the remainder when 15684572 is divided by 647?
645
What is the remainder when 89719 is divided by 89533?
186
Calculate the remainder when 1384217 is divided by 13432.
721
What is the remainder when 3394715 is divided by 1131559?
38
Calculate the remainder when 4135986 is divided by 7193.
11
What is the remainder when 117465 is divided by 17?
12
Calculate the remainder when 11167 is divided by 8956.
2211
Calculate the remainder when 61803 is divided by 20536.
195
What is the remainder when 815959 is divided by 3079?
24
What is the remainder when 264476 is divided by 195?
56
What is the remainder when 5147645 is divided by 1964?
1
What is the remainder when 632366 is divided by 6880?
6286
What is the remainder when 14816364 is divided by 133?
31
Calculate the remainder when 8989401 is divided by 4494663.
75
Calculate the remainder when 899274 is divided by 929.
2
What is the remainder when 51483998 is divided by 7354845?
83
What is the remainder when 200534 is divided by 22074?
1868
What is the remainder when 238062 is divided by 295?
292
What is the remainder when 31635133 is divided by 587?
529
Calculate the remainder when 137797245 is divided by 115796.
5
Calculate the remainder when 2325195 is divided by 5757.
5124
Calculate the remainder when 913499 is divided by 450.
449
What is the remainder when 3626 is divided by 914?
884
Calculate the remainder when 72889 is divided by 1104.
25
What is the remainder when 545229 is divided by 234?
9
Calculate the remainder when 1091818 is divided by 545461.
896
What is the remainder when 103024441 is divided by 474767?
2
Calculate the remainder when 13254458 is divided by 4727.
4677
What is the remainder when 29283364 is divided by 1236?
52
What is the remainder when 17740 is divided by 346?
94
Calculate the remainder when 5320 is divided by 4608.
712
What is the remainder when 54798 is divided by 12398?
5206
Calculate the remainder when 30207338 is divided by 861.
14
What is the remainder when 1096305 is divided by 10?
5
Calculate the remainder when 209995284 is divided by 1596.
1584
What is the remainder when 6918278 is divided by 68?
26
Calculate the remainder when 223872 is divided by 3498.
0
What is the remainder when 91320 is divided by 345?
240
Calculate the remainder when 2343111 is divided by 1066.
43
Calculate the remainder when 288244 is divided by 1263.
280
What is the remainder when 172533 is divided by 8103?
2370
Calculate the remainder when 5343 is divided by 2292.
759
Calculate the remainder when 485219 is divided by 2957.
271
Calculate the remainder when 646062 is divided by 2808.
222
Calculate the remainder when 44854100 is divided by 177.
176
What is the remainder when 56004266 is divided by 215401?
6
What is the remainder when 5859315 is divided by 693?
0
Calculate the remainder when 315290 is divided by 766.
464
What is the remainder when 58866190 is divided by 100?
90
Calculate the remainder when 597489 is divided by 149199.
693
What is the remainder when 30161 is divided by 3864?
3113
Calculate the remainder when 56391462 is divided by 316.
314
Calculate the remainder when 14166 is divided by 13008.
1158
Calculate the remainder when 22490681 is divided by 90.
41
What is the remainder when 945268 is divided by 2759?
1690
Calculate the remainder when 11115837 is divided by 4781.
12
What is the remainder when 1599775 is divided by 3516?
3511
Calculate the remainder when 47899 is divided by 47872.
27
Calculate the remainder when 609841 is divided by 152449.
45
Calculate the remainder when 12289925 is divided by 11072.
5
Calculate the remainder when 1571202 is divided by 98175.
402
What is the remainder when 750273 is divided by 149?
58
What is the remainder when 1675059 is divided by 558338?
45
What is the remainder when 1709556 is divided by 2962?
482
What is the remainder when 61910164 is divided by 3226?
3224
Calculate the remainder when 346334 is divided by 1758.
8
What is the remainder when 289087 is divided by 674?
615
What is the remainder when 87175646 is divided by 574?
544
What is the remainder when 2736194 is divided by 1278?
1274
What is the remainder when 764023 is divided by 763940?
83
What is the remainder when 863724 is divided by 215931?
0
What is the remainder when 5079570 is divided by 778?
8
What is the remainder when 3042698 is divided by 2328?
2
What is the remainder when 346736550 is divided by 34?
28
What is the remainder when 1699624 is divided by 40?
24
What is the remainder when 7623837 is divided by 57322?
11
Calculate the remainder when 128941677 is divided by 1445.
1437
Calculate the remainder when 8365 is divided by 337.
277
What is the remainder when 5536125 is divided by 95450?
25
Calculate the remainder when 178600 is divided by 2830.
310
Calculate the remainder when 434433 is divided by 86885.
8
What is the remainder when 696126 is divided by 3741?
300
What is the remainder when 343972 is divided by 3161?
2584
What is the remainder when 17596630 is divided by 11?
7
Calculate the remainder when 498995 is divided by 165832.
1499
Calculate the remainder when 8760311 is divided by 198.
197
What is the remainder when 1199722219 is divided by 9?
7
Calculate the remainder when 1601013 is divided by 5678.
5495
What is the remainder when 1815288 is divided by 900?
888
Calculate the remainder when 411678424 is divided by 77.
3
What is the remainder when 185446 is divided by 747?
190
What is the remainder when 5479776 is divided by 669?
666
Calculate the remainder when 105053 is divided by 104967.
86
Calculate the remainder when 126903 is divided by 70.
63
Calculate the remainder when 202933 is divided by 101408.
117
Calculate